, 139
Let q = 265 + 279. Suppose -q = -5*a + 211. List the prime factors of a.
151
Suppose -22*b - 190 + 1686 = 0. Suppose 59*v + 12051 = b*v. What are the prime factors of v?
13, 103
Let u(c) = -6*c + 3. Let j be u(-4). Suppose p = 2*m - 4 - 49, 4*p + 282 = -2*m. Let t = j - p. What are the prime factors of t?
2, 47
Suppose -2232384 = 400*m - 432*m. List the prime factors of m.
2, 3, 7, 11, 151
Suppose 4*i + 128 = 4*j, -20*i = 3*j - 18*i - 111. Suppose j*u - 13921 = 8129. What are the prime factors of u?
2, 3, 5, 7
Suppose -1717352 = -267*p + 85*p. What are the prime factors of p?
2, 7, 337
Suppose 23*h - 9387 - 258540 = 0. What are the prime factors of h?
3, 11, 353
Let j = 9270 - 3068. List the prime factors of j.
2, 7, 443
List the prime factors of (27/21)/((-528)/(-5098016)).
2, 3, 2069
Let w be (-3)/(63/(-6)) - (-10432)/(-56). Let l = w - -430. What are the prime factors of l?
2, 61
Let f(q) = -q**3 + 28 - 16 - 37*q**2 - 14*q + 33*q**2. What are the prime factors of f(-7)?
257
Let q be -4*(10/24)/((-17)/(-2805)). Let j = q + 589. What are the prime factors of j?
2, 157
Suppose 3*d - 87 = -0*d. List the prime factors of d/((-205)/70 - -3).
2, 7, 29
Let k(h) = 2549*h**2 + 39*h - 1. List the prime factors of k(-4).
40627
Let p be 2/(-11) + (-552)/(-253). Suppose 0 = 3*x - c - 527, 2*x = 6*x - p*c - 702. Suppose 3*o + x = -3*u + 794, -o = -4*u + 844. List the prime factors of u.
2, 3, 5, 7
Let f = -31196 + 80565. List the prime factors of f.
49369
Let z(s) = 4 - s**3 - 10*s**2 + 20 - 6*s + 2*s**2. Let a be z(-10). Suppose 2*g + 74 = a. What are the prime factors of g?
3, 5, 7
Suppose 81379 = -100*d + 968179. List the prime factors of d.
2, 3, 739
Let z = 5365 - 2261. What are the prime factors of z?
2, 97
Suppose 3*z + 371 = 4*i - 143, 0 = 5*i + 4*z - 658. List the prime factors of i.
2, 5, 13
Let d = 1433 - 798. Let s = d + 445. What are the prime factors of s?
2, 3, 5
List the prime factors of ((-3546)/33 + 1/(88/(-48)))*-24.
2, 3
Let q(n) be the first derivative of 9*n**4/2 - 5*n**3 + 9*n**2/2 + 4*n - 188. List the prime factors of q(4).
2, 7, 17
Suppose 3*o = -15, 0*i - 3*o = -3*i - 3234. Let c = i - -1689. What are the prime factors of c?
2, 3, 101
List the prime factors of 27004/10 + 64/40.
2, 7, 193
Let n be 2/1 + 30686 + 3 + 3. Suppose n = 44*s - 5650. What are the prime factors of s?
2, 7, 59
Let t = -8794 + 8797. Let c = 5 - 2. Suppose 4*l = c*l, -t*l = z - 107. List the prime factors of z.
107
Let b(q) be the third derivative of 0 - 1/24*q**4 + 0*q - 1/3*q**3 + 41*q**2. List the prime factors of b(-4).
2
What are the prime factors of (-9306)/(-8) - 145/580?
1163
Let x = 1006 + 129. Suppose x = 4*o - 377. Suppose -40*c + 37*c = -o. What are the prime factors of c?
2, 3, 7
Let c(z) = 29 + 7*z - 8*z + 20 + 28. What are the prime factors of c(21)?
2, 7
Let m be ((6/4)/1)/((-18)/(-24)). Suppose f - m = 0, 7*u + f - 662 = 4*u. What are the prime factors of u?
2, 5, 11
Let x = -6089 - -12929. What are the prime factors of x?
2, 3, 5, 19
Suppose -11844 = -40*k + 34*k. Suppose -k = -4*x + 3878. List the prime factors of x.
7, 11, 19
Let i(u) = -7*u + 152. Let k be i(21). Suppose -c - 2*c + 1115 = k*l, 8 = 2*l. List the prime factors of c.
5, 73
Let u = 13531 - 2804. List the prime factors of u.
17, 631
Let t be 14 + (-7)/(14/8). Let v be 11*(6/t - 54/15). Let g = v - -93. List the prime factors of g.
2, 3, 5
Let x(n) = 8*n + 50. Let f be x(8). What are the prime factors of 98553/f - 6/(-4)?
2, 433
Suppose 14 = 3*w - 1. Let x(f) = -f**3 - 22*f**2 + 4 + 9*f + 18*f**2 + 0*f**2 + 2*f**3. What are the prime factors of x(w)?
2, 37
Let h(m) be the third derivative of m**6/24 + m**5/10 - 7*m**4/24 + 37*m**3/6 + 11*m**2 + 7. List the prime factors of h(5).
3, 7, 37
Let y = 9 + -6. Suppose -2*u = -5*g - y, -5*u + 42 = -3*g + 2*g. Suppose u*k + k = 410. List the prime factors of k.
41
Suppose -205*p + 75 = -200*p. Suppose p*y - 10*y = 1070. List the prime factors of y.
2, 107
Let d = -177 + 577. Suppose -4*p - 3*q + d = 0, -6*p = -4*p + 5*q - 200. What are the prime factors of p?
2, 5
Let j = 256 - 253. Suppose -j*q + 206 = -619. What are the prime factors of q?
5, 11
Let g be (0 - 5)/(-5) + (-483)/1. Let w be ((-5)/2)/(5*7/3290). Let d = w - g. What are the prime factors of d?
13, 19
What are the prime factors of (7 - 54912/18)/((-8)/48)?
2, 23, 397
Let i(r) = -16*r + 0*r - 37*r - r**3 - 1 - 41*r**2. What are the prime factors of i(-40)?
3, 173
Let y be (-18)/3*7/(-21). Suppose -m + y + 1 = 0. Suppose 2*g + 73 = m*g + 4*j, 2*j - 73 = -g. List the prime factors of g.
73
Suppose -5*p = -3*w + 1740, 3*p - 1141 = -16*w + 14*w. List the prime factors of w.
5, 23
Let b = 511 - -19860. What are the prime factors of b?
13, 1567
Suppose -5*i = -3*m - 364, -3*i + 220 = 3*m - 4*m. Let y = 52 - i. What are the prime factors of (-1124)/(-14) - y/(-77)?
2, 5
Let g(n) = -n**3 + 3*n**2. Let h be g(3). Suppose h = 30*t - 11919 + 3579. List the prime factors of t.
2, 139
Suppose -8*i - 3*i + 1298 = 0. Let c = 353 - i. Let o = c + -69. What are the prime factors of o?
2, 83
Let b(y) = -2*y + 31. Let m be b(14). Suppose -666 = -m*l - 4*v, 162 + 302 = 2*l - 4*v. What are the prime factors of l?
2, 113
Suppose -2*l + 2*j = 4, l - j + 6 = 4*j. Let f(c) = -515*c**3 - 3*c**2 - c + 1. What are the prime factors of f(l)?
2, 257
Suppose -3*j + 2*c + 26 = 0, -3*j - 4*c - 9 = -65. Let k be (2/6)/(j/27144). Suppose -178 = 9*q - k. List the prime factors of q.
2
Let p(c) = 5326*c - 5880. List the prime factors of p(9).
2, 3, 43, 163
Let f(i) = -i + 45. Let s be f(0). Let m(p) = -3*p**2 - 24*p + 31. Let h be m(-9). Suppose 0 = h*q - 5*q + s. What are the prime factors of q?
3, 5
Let a(m) = -m**3 - 16*m**2 - 27*m + 14. Suppose -2*l = -4*r + 48, 3*r - 6*r = l - 1. Let v be a(l). Suppose 6*b - 3 - 9 = v. List the prime factors of b.
2
Suppose -c + 8568 = 6*c. Let o = 1822 - c. List the prime factors of o.
2, 13, 23
Let a(m) = -8*m**3 + 13*m**2 + 63*m - 6. What are the prime factors of a(-7)?
2, 3, 163
Suppose -3*f + 5*h = -46172, -4*f = h - 64769 + 3260. What are the prime factors of f?
7, 13
Let t = 2129 + 1704. Let o = -2466 + t. List the prime factors of o.
1367
Let v = 42696 - 26709. List the prime factors of v.
3, 73
Let f(y) = -4750*y + 2871. List the prime factors of f(-6).
3, 10457
Let h(r) = -102*r**3 + 17*r**2 + 34*r + 258. List the prime factors of h(-7).
35839
Suppose -16*x = -11*x - 15. Let z(l) = l**2 - 4. Let q be z(x). Suppose q*m + 2*w = 656, 0 = 5*m - 7*m - w + 263. What are the prime factors of m?
2, 5, 13
Suppose -l = 3*n + 518, 3*n + 2791 = -4*l + 674. Suppose 1195 = -4*j - 3*v, 44*j - 43*j + 297 = -v. Let r = j - l. What are the prime factors of r?
229
Let h = -59 + 55. Let v = h + 4. Let j(n) = -n**3 + 2*n**2 - 4*n + 160. List the prime factors of j(v).
2, 5
Suppose -8*j = 4*j - 1128. Let u be (1 + 5)/(-3) - -284. Let h = u - j. What are the prime factors of h?
2, 47
Let l(g) = 5*g + 7*g - 9*g + 7. Let n be l(7). Let f = n + 52. List the prime factors of f.
2, 5
Suppose -3*o = 5*u - 55708, -33*u - 11108 = -34*u + 5*o. What are the prime factors of u?
2, 5569
Suppose 381180 + 653783 = 41*z. List the prime factors of z.
25243
Suppose 4*w + 2*g = 27176, 5*w + 2*g = 15294 + 18676. List the prime factors of w.
2, 43, 79
Let f(d) = -9*d - 11 + 7*d - 12*d - 5*d. Let s = 89 + -96. What are the prime factors of f(s)?
2, 61
Let s = 100 + -96. Let c(o) = 2*o - s*o + 44 - o. What are the prime factors of c(10)?
2, 7
Suppose -3*s = -3*k - 3, -2*k + s = -6*k + 16. Suppose 3*m + 3*w = 72, -5*w - 37 - 11 = -k*m. List the prime factors of m.
3, 7
Suppose 2*s + 2*s - 32 = 4*a, 3*s - 4*a - 28 = 0. List the prime factors of s*((-573)/(-30) + (-14)/(-35)).
2, 3, 13
Suppose 2*x + 5 - 13 = 0. Suppose -n - 2*n - 3*w = -582, x*w = -3*n + 580. Suppose -33*u + 32*u + n = 0. List the prime factors of u.
2, 7
Suppose -p - 5 = 3*r, -2*p + 0*r + 8 = -3*r. Let u be (-2)/(p/2*-1). Suppose -4*h + s + 960 = 0, u*h = -0*h + 5*s + 960. List the prime factors of h.
2, 3, 5
Suppose 23438 = m - 3*k, -7*k + 6*k = 4. What are the prime factors of (-6)/(-33) - m/(-22)?
3, 5, 71
Suppose w = -v + 39465, -197349 = -5*v + 85*w - 86*w. List the prime factors of v.
3, 59, 223
Suppose 0 = -6*c + 207 + 297.